2. List the prime factors of j.
2, 13
Suppose 4*m - 5*z = m + 311, 0 = 4*m + 3*z - 463. Let c = 272 - m. Suppose b + 5*o - 2*o - 40 = 0, 0 = -5*b - 5*o + c. List the prime factors of b.
2, 7
Suppose 5*c - 25982 = -4*x - 6096, -8*x - 7916 = -2*c. List the prime factors of c.
2, 1987
Suppose -1784 = -2*r + 1538. What are the prime factors of r?
11, 151
Let n(o) = 2*o**3 - 13*o**2 + 4*o - 42. List the prime factors of n(9).
3, 7, 19
Suppose 5*c + 3*n - 5466 = 0, -3*c = 5*n + 392 - 3678. What are the prime factors of c?
2, 3, 7, 13
Let j(c) = 578*c - 124. List the prime factors of j(4).
2, 547
Let m(q) = -100*q - 26. What are the prime factors of m(-14)?
2, 3, 229
Suppose -4*p + 84 = 2*d, 3*d - d - 4*p - 108 = 0. List the prime factors of 226/12 + 8/d.
19
Let x be (15/5)/((-3)/(-2)). Let c be (x/(-3))/((-6)/9). Suppose -4*u = 3*v + c - 53, 67 = 4*v + 3*u. What are the prime factors of v?
2
Suppose -40 = -7*z + 408. List the prime factors of z.
2
Let v(o) = -28*o + 3. Let f be v(-7). Let w = f + -94. List the prime factors of w.
3, 5, 7
Let i(l) = 3*l**3 + 2*l - 1. Suppose b - 15 = -0*b. Let g = b - 14. List the prime factors of i(g).
2
Let p be 1158/(-9)*(-9)/6. Let x be (2 - 0)/((-7)/(-7)). Suppose 5*v - x*o - p = 0, -v = 4*o - 7*o - 36. What are the prime factors of v?
3, 13
Suppose 2*g = -4*z - 176, 5*g - g + 3*z + 352 = 0. Let x = 110 + g. List the prime factors of x.
2, 11
Suppose -53*j = -50*j - 1038. What are the prime factors of j?
2, 173
Let g(q) = -q**3 + 3*q**2 + 7*q + 6. List the prime factors of g(4).
2, 3
Let l(x) = -x**3 - 6*x**2 - 7*x - 11. Let m be l(-5). Let g(v) = 1. Let a(r) = r**2 - 6*r - 1. Let j(z) = m*a(z) - 4*g(z). What are the prime factors of j(3)?
2, 3
Let x be (-5926)/18 - -3*6/81. Let n = -178 - x. What are the prime factors of n?
151
Let v(o) = o + 13. Let j be v(-8). Let x = -111 + 294. Suppose j*t - 5*c - x = -73, -t + 16 = c. What are the prime factors of t?
19
Suppose -3*j = 5*s - 22, -4*s - 3*j + 20 = -0. Let v be 0 + 5/(s/2). Let i(a) = -a**3 + 4*a**2 + 6*a - 3. List the prime factors of i(v).
2
Suppose 20 - 3 = w. Suppose -5*x + w = -43. List the prime factors of x.
2, 3
Suppose 4*l - 749 - 1015 = 0. List the prime factors of l.
3, 7
Suppose 5*j - 17 = 3*s + 14, 3*j - 21 = 3*s. Let a be 21/(10/4 + -1). Let m = a - j. What are the prime factors of m?
3
What are the prime factors of (-1 + -4)*4776/(-40)?
3, 199
Let c(i) = 2*i**2 - 49*i + 134. List the prime factors of c(31).
3, 179
Let w = -122 - -73. Let i = w - -219. List the prime factors of i.
2, 5, 17
Let d(a) = -4*a**2 + a**2 - 2 + 9*a**2 - a**3. Let g be d(3). Suppose -4*p + 27 = -g. What are the prime factors of p?
13
Suppose 4*o + 5 = 3*o. Let c(r) = -r**3 - 3*r**2 + 6*r. Let u be c(o). Suppose 7*f - 3*f - u = 0. What are the prime factors of f?
5
Let k(p) be the first derivative of p**3/3 + p**2/2 + 42*p - 2. Let j be k(0). Suppose -d + j = 2*d. List the prime factors of d.
2, 7
Suppose 0 = -6*c + c - 5*b + 7000, 5*c - 7004 = -b. What are the prime factors of c?
3, 467
What are the prime factors of 3/((-60)/(-17776)) + 12/60?
7, 127
Let r(x) = -x**2 + 5*x + 7. Let z be r(7). Let w be -6 + 2 + (-4 - z). List the prime factors of (-135)/(-3) + w + 2.
2, 23
Suppose 2*d - 75 = -0*d + 3*v, 0 = 2*d - 5*v - 69. Let g = d - 28. List the prime factors of g.
2, 7
Let z = -18 + 9. Let a = z - -11. Let g(r) = 5*r**3 - r**2 - 2*r + 1. What are the prime factors of g(a)?
3, 11
Let p(w) = -w**3 + 5*w**2 + 2*w - 2. Let s(r) = r**2 + r + 14. Let m be s(0). Suppose -4*t + m = -2. List the prime factors of p(t).
2, 11
Let u(a) = -2*a**3 + 10*a**2 - 2*a + 12. Let t be u(5). Suppose -5*c - 4*h + 935 = -t*h, 2*c = 5*h + 345. What are the prime factors of c?
5, 37
Let p be (-4)/((-2)/(3 + 1)). Suppose 0 = -2*f + p, 2*l + 3*f + 2*f = 534. What are the prime factors of l?
257
Suppose -9*c + f = -10*c + 5054, -4*c - 2*f = -20226. List the prime factors of c.
5059
Suppose s - o = -4*o + 1371, 0 = -5*o + 5. What are the prime factors of s?
2, 3, 19
Let w(h) = -4*h - 27. Let v be w(-8). Suppose -5*s + 0*f + 140 = -v*f, -4*f + 128 = 4*s. List the prime factors of s.
2, 3, 5
Let b(c) = -4*c - 14. Let g be b(-2). What are the prime factors of 8/g*((-430)/4 - 5)?
2, 3, 5
Suppose q + 57 = -29. Let z = -69 - q. What are the prime factors of z?
17
Suppose 0 = 3*w - 251 + 59. List the prime factors of w.
2
Let o(g) = -g + 4. Let b be o(6). Let s(j) = 0*j - 8*j + 1 - 6*j. What are the prime factors of s(b)?
29
Let k be (-54)/6*(-2)/(-6). Let b(c) = -2*c + 8. What are the prime factors of b(k)?
2, 7
Suppose -b - 4*v = -2*v - 1662, -3*v + 15 = 0. What are the prime factors of b?
2, 7, 59
Let x = 3 + 4. Suppose -285 = 2*q - x*q. List the prime factors of q.
3, 19
Suppose -9*c + 6900 = 6*c. What are the prime factors of c?
2, 5, 23
Let a(y) = -2*y**2 + y + 1. Let p be a(-1). Let g = -17 - p. What are the prime factors of (-2)/g + (-2264)/(-120)?
19
Let v(n) be the second derivative of -2*n**3/3 - 7*n**2/2 - 7*n. What are the prime factors of v(-4)?
3
Suppose -y + 457 + 408 = -4*a, 5*y - 4430 = -a. What are the prime factors of y?
3, 5, 59
Let i(l) = -13*l**2 + l - 1. Let h be i(2). Let w = h - -147. List the prime factors of w.
2, 3
What are the prime factors of ((-3210)/(-4))/(-3)*(-4)/2?
5, 107
Suppose -4*z = -4, 5711 = 4*d + 9*z - 14*z. List the prime factors of d.
1429
Let i(a) = -7*a**3 + 13*a**2 + 55*a - 7. Let p(o) = -4*o**3 + 6*o**2 + 28*o - 4. Let w(f) = -3*i(f) + 5*p(f). What are the prime factors of w(12)?
7, 19
Suppose -10*z = 2*z - 2208. List the prime factors of z.
2, 23
Let m be 3/12*2*4. Suppose 522 = 4*k + m*w, -k + 2*w + 117 = -2*w. List the prime factors of k.
3, 43
Suppose 0 = -3*m - x + 99, -14*m + 9*m - x = -163. What are the prime factors of m?
2
Let i = -307 - -946. List the prime factors of i.
3, 71
Let x(u) = -4*u**2 + 6*u - 1. Let f(w) = -3*w**2 + 6*w - 1. Let o(l) = 5*f(l) - 4*x(l). Let k be o(-8). Let q = k + 20. What are the prime factors of q?
5, 7
Let u(l) = l**3 - l**2 + 4*l + 16. Let x(f) = -15 - 3*f + 0*f**3 + 6*f**3 + f**2 - 7*f**3. Let o(v) = -5*u(v) - 6*x(v). List the prime factors of o(0).
2, 5
Let x(a) = 50*a**3 + 6*a**2 - 8*a - 1. List the prime factors of x(3).
7, 197
Let z(x) = 9*x + 48. What are the prime factors of z(19)?
3, 73
Let y(w) = 125*w**2 + 33*w - 72. List the prime factors of y(6).
2, 3, 257
Suppose 16*w = 8*w + 11792. List the prime factors of w.
2, 11, 67
Suppose -753*o + 1122 = -747*o. What are the prime factors of o?
11, 17
Let d be (-4)/10*(4 + -9). Suppose -3*o - 5*w = -o - 104, 0 = -o + w + 38. Suppose 5*r = d*r + o. List the prime factors of r.
2, 7
Let c = 17 - 26. Let q(l) = l**2 - 4*l + 2. Let z be q(c). Suppose -5*x + 4*t + z = 0, 110 = x + 4*x + 5*t. List the prime factors of x.
23
Suppose 0*j + 3*c + 57 = 3*j, 0 = 5*c - 10. Suppose -3*p + 27 = j. Suppose -4*r - 317 = -5*v, 6*r = p*v + 3*r - 124. List the prime factors of v.
5, 13
Suppose -2*d = 3*f - 22, 2*f + 19 = 5*d + 2. Let k = 37 - f. What are the prime factors of k?
3, 11
Let b(d) = -100*d**3 + d**2 - 4. Let n be b(-2). Suppose n = 3*s + 7*s. List the prime factors of s.
2, 5
Suppose -4*f = -5*f + 4. Suppose -f*a - 3*s = -441, -2*s + 2 + 4 = 0. Let i = a - 77. What are the prime factors of i?
31
Let k = 69 - 41. Suppose 0 = -0*r + 4*r - k. List the prime factors of r.
7
Suppose -4*b = 2*u - 10664, -3*u = 13*b - 18*b - 16029. List the prime factors of u.
2, 17, 157
Let m be 2/(-6) - 700/15. Let s(t) = -t**2 - 22*t + 11. Let z be s(-19). Let c = m + z. What are the prime factors of c?
3, 7
Suppose 11233 = -49*d + 84782. List the prime factors of d.
19, 79
Let l = 37 + -35. Suppose 0 = -5*z - 5*q - 5, -z - q - 7 = -6*z. What are the prime factors of -8*(-4 - (l + z))?
2, 7
Let j(r) = 9*r**2 - 39*r - 19. Let u(z) = 14*z**2 - 59*z - 28. Let l(w) = 8*j(w) - 5*u(w). What are the prime factors of l(12)?
2, 3
Let q be (-138)/4*(-1 + 3). Let b = q - -99. List the prime factors of b.
2, 3, 5
Let k be (0 - 6)*88/(-12). Let c(g) = 20 - k*g + 42*g - 5. List the prime factors of c(-10).
5, 7
Let r(b) be the first derivative of -b**4/4 + 7*b**3/3 + b**2 - 10*b + 2. What are the prime factors of r(7)?
2
Let d(z) = -z**3 - 2*z**2 + z - 2. Let i be d(-3). List the prime factors of 3*